number?
False
Is 10033 a composite number?
True
Is 18293 a prime number?
False
Is 42469 prime?
False
Is 200147 a prime number?
False
Is 113921 a composite number?
False
Is 806803 a prime number?
False
Is 2203 prime?
True
Is 60269 composite?
True
Is 1244953 prime?
True
Is 5911 a prime number?
False
Is 15787 a composite number?
False
Is 260255 prime?
False
Is 37691 a prime number?
True
Is 6101 a prime number?
True
Is 23393 a composite number?
True
Is 1682885 prime?
False
Is 71183 prime?
False
Is 410893 a prime number?
False
Is 5147 composite?
False
Is 122443 a prime number?
True
Is 373 prime?
True
Is 1153141 a composite number?
True
Is 358103 a prime number?
True
Is 1322501 a composite number?
False
Is 4189 composite?
True
Is 81077 prime?
True
Is 605719 a prime number?
True
Is 256981 composite?
False
Is 3991 prime?
False
Is 1847 a prime number?
True
Is 265909 composite?
True
Is 10085 composite?
True
Is 4409 prime?
True
Is 15898 composite?
True
Is 12197 prime?
True
Is 9629 a prime number?
True
Is 17077 prime?
True
Is 243983 prime?
False
Is 1271 a prime number?
False
Is 41599 a composite number?
True
Is 142063 composite?
True
Is 1439 a prime number?
True
Is 11071 a composite number?
False
Is 564523 prime?
True
Is 25133 composite?
True
Is 270739 a prime number?
False
Is 8357 a composite number?
True
Is 3433 composite?
False
Is 335431 a prime number?
False
Is 122267 a prime number?
True
Is 23801 a prime number?
True
Is 2770973 composite?
False
Is 106 a prime number?
False
Is 24239 a composite number?
False
Is 802 prime?
False
Is 6899 prime?
True
Is 23601 prime?
False
Is 502 a prime number?
False
Is 24197 prime?
True
Is 1511 prime?
True
Is 31469 a composite number?
False
Is 9862 composite?
True
Is 101599 prime?
True
Is 47373 a composite number?
True
Is 663763 a prime number?
True
Is 1067921 prime?
True
Is 1701263 prime?
True
Is 396821 a composite number?
True
Is 134447 prime?
False
Is 52645 composite?
True
Is 209059 a composite number?
True
Is 2333 a composite number?
False
Is 182291 prime?
False
Is 76091 composite?
False
Is 3353 composite?
True
Is 15511 a prime number?
True
Is 631 composite?
False
Is 2989487 a prime number?
True
Is 12055 a composite number?
True
Is 68659 composite?
False
Is 93001 a composite number?
False
Is 559451 a prime number?
True
Is 6113 a composite number?
False
Is 6979 a prime number?
False
Is 14081 prime?
True
Is 333007 a prime number?
False
Is 284367 a composite number?
True
Is 20053 a prime number?
False
Is 168347 composite?
False
Is 754877 a composite number?
False
Is 38351 a prime number?
True
Is 16997 prime?
False
Is 1683821 prime?
False
Is 36353 prime?
True
Is 40567 prime?
False
Is 92791 a prime number?
True
Is 2069251 composite?
False
Is 73637 composite?
False
Is 293 a prime number?
True
Is 119321 prime?
True
Is 18899 a prime number?
True
Is 307438 prime?
False
Is 10099 a composite number?
False
Is 528755 prime?
False
Is 119869 composite?
False
Is 12295 a prime number?
False
Is 4426 prime?
False
Is 114797 a prime number?
True
Is 976233 a prime number?
False
Is 243655 a prime number?
False
Is 535593 a composite number?
True
Is 373273 a prime number?
True
Is 84355 composite?
True
Is 463613 prime?
True
Is 3079271 a prime number?
False
Is 275851 a composite number?
True
Is 5897 a prime number?
True
Is 1299397 a prime number?
False
Is 3743 a composite number?
True
Is 4265 prime?
False
Is 7169 a composite number?
True
Is 801371 prime?
True
Is 5471 prime?
True
Is 2819 prime?
True
Is 443 prime?
True
Is 266581 a prime number?
False
Is 1867 a composite number?
False
Is 435397 prime?
True
Is 340103 prime?
True
Is 1283 prime?
True
Is 6503 prime?
False
Is 369407 a prime number?
True
Is 2183899 composite?
False
Is 23459 a composite number?
False
Is 61001 composite?
False
Is 106487 prime?
True
Is 3389 a prime number?
True
Is 46261 a composite number?
False
Is 36191 a prime number?
True
Is 23993 prime?
True
Is 515927 a composite number?
True
Is 4883 composite?
True
Is 321889 composite?
False
Is 2953 composite?
False
Is 55327 prime?
False
Is 1055 composite?
True
Is 404467 prime?
False
Is 122597 composite?
False
Is 2153 a composite number?
False
Is 400409 a composite number?
False
Is 364341 a composite number?
True
Is 262103 a composite number?
False
Is 124619 prime?
False
Is 16015 a composite number?
True
Is 299941 a prime number?
True
Is 26389 a prime number?
False
Is 4860989 a prime number?
False
Is 1618379 prime?
False
Is 34871 prime?
True
Is 238291 composite?
False
Is 616481 composite?
False
Is 66407 a composite number?
True
Is 2705 prime?
False
Is 30931 a prime number?
True
Is 30593 composite?
False
Is 662 a prime number?
False
Is 175003 a composite number?
False
Is 38359 a composite number?
True
Is 4493 a prime number?
True
Is 3695 prime?
False
Is 2939 a prime number?
True
Is 20161 composite?
False
Is 1158991 a prime number?
True
Is 8887 a composite number?
False
Is 1163 prime?
True
Is 15931 prime?
False
Is 331489 a composite number?
False
Is 3011 a composite number?
False
Is 47609 a prime number?
True
Is 1149281 a composite number?
True
Is 70709 prime?
True
Is 204913 prime?
True
Is 904357 composite?
False
Is 58099 a prime number?
True
Is 3149659 a prime number?
True
Is 631639 a prime number?
False
Is 61543 a prime number?
True
Is 5033 composite?
True
Is 4393 a composite number?
True
Is 1143535 composite?
True
Is 500083 composite?
False
Is 363973 composite?
True
Is 479 a prime number?
True
Is 1134833 composite?
True
Is 511253 prime?
False
Is 33961 prime?
True
Is 125353 a prime number?
True
Is 171317 composite?
False
Is 174599 composite?
False
Is 10651 prime?
True
Is 965261 prime?
False
Is 589049 prime?
True
Is 3611 composite?
True
Is 109999 prime?
False
Is 5583 a prime number?
False
Is 299171 prime?
True
Is 148697 a prime number?
False
Is 8009 a prime number?
True
Is 3083 composite?
False
Is 13123 prime?
False
Is 11863 prime?
True
Is 50659 a composite number?
True
Is 4613 composite?
True
Is 64837 a composite number?
True
Is 41273 a composite number?
True
Is 240719 prime?
True
Is 877739 a composite number?
False
Is 7367 prime?
False
Is 100669 composite?
False
Is 251267 prime?
False
Is 32066 prime?
False
Is 101159 a composite number?
False
Is 1597205 prime?
False
Is 430343 composite?
False
Is 31669 prime?
False
Is 1909 a prime number?
False
Is 2964367 a prime number?
False
Is 120457 a prime number?
False
Is 35957 a prime number?
False
Is 409 composite?
False
Is 695 a prime number?
False
Is 456329 a prime number?
True
Is 15557 prime?
False
Is 68221 prime?
False
Is 45523 composite?
False
Is 376021 composite?
False
Is 12263 a composite number?
False
Is 157127 prime?
True
Is 9803 a prime number?
True
Is 74551 composite?
False
Is 105727 composite?
False
Is 34123 composite?
False
Is 167001 a composite number?
True
Is 842669 prime?
False
Is 5485 prime?
False
Is 920303 a prime number?
False
Is 105199 composite?
False
Is 14253 composite?
True
Is 4117 prime?
False
Is 13799 a composite number?
False
Is 115043 prime?
False
Is 4201 a prime number?
True
Is 941 a prime number?
True
Is 111191 a composite number?
False
Is 642287 a prime number?
False
Is 83833 a prime number?
True
Is 483427 prime?
False
Is 3620401 a composite number?
False
Is 326887 composite?
True
Is 523169 prime?
True
Is 1979998 prime?
False
Is 120151 a composite number?
True
Is 1018 prime?
False
Is 107995 composite?
True
Is 127805 composite?
True
Is 33287 prime?
True
Is 71209 a composite number?
False
Is 213377 a composite number?
True
Is 29506 a composite number?
True
Is 1117 a prime number?
True
Is 3711 a composite number?
True
Is 339263 composite?
False
Is 293 composite?
False
Is 3214 a composite number?
True
Is 326519 prime?
False
Is 491 a prime number?
True
Is 458557 prime?
False
Is 637814 a prime number?
False
Is 19901 composite?
True
Is 23687 a composite number?
False
Is 36149 prime?
False
Is 473 composite?
True
Is 399367 a prime number?
False
Is 9311 prime?
True
Is 1285531 composite?
True
Is 6823 a composite number?
False
Is 798001 composite?
True
Is 253567 a composite number?
False
Is 1973 a prime number?
True
Is 76561 prime?
True
Is 76717 composite?
False
Is 795703 a composite number?
False
Is 27689 a prime number?
True
Is 3493 prime?
False
Is 32639 a composite n